 -1?
1
What is the value of (-1 - -11) + -7 - -1 - 1?
3
Evaluate 2 + -1 + (6 - 1 - 3).
3
What is the value of 10 + -6 + -1 + -4?
-1
-3 + 2 + (-8 - -19) + -12
-2
What is the value of 14 + -14 - (-1 + (-4 - -1))?
4
What is -3 - (-3 + 1) - (3 - 4)?
0
Evaluate -2 - (-3 - (0 + (-3 - 1))).
-3
Calculate -8 - (-1 - (-8 + 25)).
10
Calculate 2 + -4 - (-28 + 26).
0
Evaluate 16 + -18 + (2 - 0) - 3.
-3
Calculate (3 - (-1 - -5)) + 3.
2
What is the value of -2 + 4 - 3 - (1 - 4)?
2
3 - (3 - (8 + -3) - -4)
1
44 + -46 - (0 + 1 - -2)
-5
Calculate -5 - (3 - (0 + 5) - 9).
6
-1 - 2 - -7 - (4 + -3)
3
What is -5 - (-15 - -4) - 3?
3
What is ((0 - 4) + 8 - 8) + 1?
-3
Evaluate 6 - (4 - (-2 - -5)).
5
(3 - (-1 + 4)) + 0
0
What is the value of -5 - (1 - (-5 - -1 - -5))?
-5
Calculate 1 + (3 + -5 - 1) - 0.
-2
Calculate (4 - 7) + (-4 - -7 - 1).
-1
What is the value of -1 + -5 - (0 - 3)?
-3
4 + (1 - (-2 + 7 + -2))
2
What is the value of -4 - (-7 + (2 - 5 - -1))?
5
What is (2 + -4 - (1 + -2)) + 1?
0
Evaluate 0 - (2 + 2 + -4).
0
What is 8 - 10 - (1 - -1)?
-4
What is the value of 5 - (2 - (-5 - 2))?
-4
Evaluate (4 - 1) + 4 + -2.
5
Calculate 2 + -7 + 2 + -2 + 3.
-2
-1 + (1 - -7 - 2) + -3
2
Calculate (-5 - -10 - -1) + (-15 - 0).
-9
Evaluate 1 + (-2 - 0) - (0 - -4).
-5
What is -5 + -9 + (-3 - -1 - -5)?
-11
What is the value of -2 + 4 - ((2 - 1) + 9)?
-8
What is 0 + (-3 - 2) + 0?
-5
What is 3 - 1 - -4 - 3?
3
Calculate -9 - (-6 + 2 + 0).
-5
What is 11 + (-5 - (-7 - (3 - 9)))?
7
Evaluate 28 - 28 - (6 - 0) - -2.
-4
3 + (-5 - 0) + 3 + 5
6
What is the value of 0 + (3 - -2) - 6?
-1
What is 0 + -8 - (4 - (-9 - -13))?
-8
85 + -76 - (-1 - -6)
4
What is the value of -34 - -41 - (3 - 0)?
4
What is 13 + -20 + -1 + 5?
-3
(10 - 5) + (3 - 2)
6
What is 8 + 1 + -6 + (4 - 11)?
-4
Evaluate 4 + (-2 + -1 - (8 + -6)).
-1
What is 4 + (-9 + 3 - -4) + -2?
0
What is the value of 4 + 7 - 6 - (-6 + 7)?
4
What is the value of 2 - 6 - (-29 + 18)?
7
What is 1 + (-17 - -11) + 8?
3
What is 6 - (5 - (3 - 0))?
4
-14 - (-2 - (-8 + 15))
-5
0 - (5 - (-7 + 5)) - -4
-3
What is -1 - (1 + 2 + -3)?
-1
8 + -4 + -3 + -2
-1
Calculate (2 - (0 + 2)) + 11 + -13.
-2
What is 3 + -2 - (2 - (5 + -1))?
3
3 - 3 - 10 - -7
-3
Evaluate 3 - (4 - -6) - -3.
-4
Calculate 9 + (-6 - 1) + (4 - 0).
6
6 + (-4 - -4) + -11
-5
Evaluate 0 - (-1 - (6 + -8)).
-1
Evaluate (-2 - 1 - -4) + (2 - 5).
-2
1 + -2 + 4 + -1 + 3
5
What is 19 + (-13 - (6 + -9))?
9
What is -11 - -9 - (2 - 0)?
-4
What is the value of -8 + ((-2 - -2) + 1 - -4)?
-3
Evaluate -3 - -12 - (-4 - (-8 - -4)).
9
What is (7 - 4) + 2 + -1?
4
2 + -11 + 1 + 8
0
What is the value of 7 + -4 - (-6 - -15)?
-6
Calculate 1 - 4 - (-33 + 25).
5
Evaluate (101 - 101) + -11 + 2.
-9
What is the value of (-3 - -3) + -5 - -3?
-2
-4 + -4 + 4 - (-1 + -1)
-2
What is -6 + (-4 - (10 + -17))?
-3
(5 - 9) + 5 - (3 + -3)
1
What is -6 + 0 + (0 - 1 - -7)?
0
What is the value of -10 + 13 - -4 - -1?
8
Calculate 0 - (-8 - -16 - 0).
-8
Evaluate -4 + -1 - (5 - 6).
-4
What is (-8 - -6) + 3 + 4?
5
5 + 0 + -6 - (3 - 11)
7
What is the value of 0 + 0 + 0 + -8 + 9?
1
Evaluate -1 - -1 - (9 + (4 - 8)).
-5
Evaluate (-1 + 2 - -1) + 3.
5
What is the value of 12 - (16 - 7) - 6?
-3
3 + -1 + -3 - (-5 - -2)
2
Calculate 2 - 4 - -2 - 4.
-4
What is -1 + 1 + 0 - (12 - 12)?
0
Evaluate (15 - 2) + -7 + -9.
-3
-16 + 3 - -10 - -6
3
Evaluate -6 + (13 + -14 - -13).
6
What is -2 + 2 + (5 - 0)?
5
3 + 8 + (-5 - 1) + -1
4
What is the value of (0 - -1) + 228 + -221?
8
-3 + 3 + -6 + 7
1
Calculate -5 + (-1 + 7 - 3) + -2.
-4
(12 - (-10 - -19)) + 2
5
What is the value of -1 + -2 + 6 + -7?
-4
Evaluate (-6 - 7 - -9) + 2 + 0.
-2
What is (-1 - -3) + (-10 - -8) - -5?
5
Evaluate -3 - 1 - (52 - 57).
1
What is -3 - -1 - (4 + -1)?
-5
What is -6 - (-1 - 2 - 4 - -4)?
-3
What is the value of 1 - (4 + -3) - -3 - 2?
1
Evaluate 29 - 23 - (9 - 1).
-2
What is 1 + -3 - (3 + -4 + -2)?
1
Calculate 13 - 14 - (0 - (6 - 0)).
5
Calculate (2 - 2) + -11 - -17.
6
What is -4 - -10 - (-4 + 14)?
-4
Calculate 1 + -2 - (0 - 4).
3
Evaluate 2 + (0 + -7 - -8) + -3.
0
1 + -3 + -30 + 33
1
What is the value of 7 - -1 - (1 + (-1 - -1))?
7
What is 6 + (7 - (18 + -10))?
5
(-5 - (5 + -3)) + -18 + 21
-4
Evaluate 1 + 1 - 9 - -3.
-4
Calculate -10 + (7 - -2) + (5 - -1).
5
What is 6 - (2 + 3) - 2?
-1
Calculate 39 - 22 - (3 - -8).
6
Calculate (6 + -9 - -11) + -9.
-1
Evaluate -1 - 2 - (3 - 3).
-3
-6 + (-2 - 6 - (-32 - -26))
-8
What is the value of 0 + 0 + 7 - 6?
1
What is -7 + 4 + (-1 - (-5 + 1))?
0
Calculate 51 + -46 - (-1 + -1 - -6).
1
What is 2 + 12 + -3 - 4 - 3?
4
-4 + -1 + 2 + 0 + -3
-6
Evaluate -13 + 4 + 20 - 12.
-1
-7 + 2 + -2 + 7
0
What is the value of -28 + 40 + (-6 - 1)?
5
Calculate -9 + 11 + 2 + -5 + 6.
5
What is the value of (2 - -17) + -11 + 0?
8
What is the value of 0 - -12 - 18 - -10?
4
What is (-2 + 3 - 3) + (-30 - -29)?
-3
1 + 1 + 11 - 17
-4
What is the value of -26 - (-4 - 3) - -6 - -8?
-5
What is the value of (2 - 1) + 1 + -9 + 6?
-1
What is the value of (4 + (2 - 7) - -4) + -8?
-5
(0 - 0) + 1 - (13 - 9)
-3
What is (4 - 1) + -4 - 4?
-5
Calculate 0 + 1 - (-1 + 3 + -3).
2
What is the value of -1 - (5 - (-1 - (8 + -16)))?
1
What is the value of 7 - ((8 - 2) + (-7 - -2))?
6
What is the value of 4 + 0 - (2 - -1)?
1
7 - (2 + (-5 - -5))
5
(10 - (1 - (6 - 11))) + -1
3
Evaluate -3 + 13 + -5 - (3 + -1).
3
(-3 + -3 - 0) + 2 + 0
-4
Evaluate 5 + (1 - -5 - (2 - -12)).
-3
Evaluate (5 - 4) + 4 + -2 - 0.
3
Calculate -10 + 2 - -4 - -3.
-1
What is (-5 - 0) + (-25 - -32)?
2
Evaluate 9 + -3 + 10 + -17.
-1
What is the value of 1 + -3 + (1 + 5 - 5)?
-1
Calculate 13 + (-12 - (13 - 3)).
-9
What is the value of 3 + -8 + 15 + -7?
3
What is 2 - (2 - (9 + -4) - -4)?
1
What is -5 - (-2 + (-2 - 0))?
-1
What is 8 - (5 + -1 + 7)?
-3
What is 0 - (-3 - ((-1 - -5) + -7))?
0
1 + 3 - (-2 - (-4 + -1))
1
Calculate (8 - 17) + 2 + (0 - -3).
-4
Calculate -2 - -2 - (8 + -8).
0
Calculate 7 - ((-6 - -7) + 2).
4
-3 + 4 - (1 - -1)
-1
Calculate 0 + 0 + -188 + 193.
5
What is -1 + (-3 - -7) + -5?
-2
What is -4 - (-7 + 0) - (-2 + 4)?
1
8 - (-4 + 3 + 5)
4
-1 - (1 + 2) - -1
-3
1 + (0 + -1 - -4) - 0
4
Evaluate -24 - -24 - (7 - 2).
-5
Calculate -2 - ((-6 - 1) + 0 + 6).
-1
Evaluate -1 + 0 + (-48 - -47).
-2
What is the value of 0 - -6 - (-10 - -11)?
5
Calculate 0 + (5 - (7 - 4) - 1).
1
What is -13 - (7 + -13 + -1) - 1?
-7
What is 5 + 4 + -8 + (0 - 7)?
-6
Calculate (3 - (-12 + 9)) + -10.
-4
Calculate -4 - (-1 - -3 - (-5 + 9)).
-2
Evaluate -5 + 2 + -3 + (-62 - -68).
0
What is the value of 9 + 3 + (-2 - (5 + 1))?
4
What is the value of (2 + -2 - -4 - 5) + 1?
0
-6 + 3 - (2 + -5) - 0
0
What is -4 + 4 - -1 - -5 - 1?
5
13 - (2 + -7) - 10
8
What is the value of 0 + 0 - (7 + (-15 - -5))?
3
Evaluate (1 - 4 - -1) + 1.
-1
Calculate -3 + (-6 + 2 - -8).
1
What is 14 + -7 - (-13 - -9)?
11
0 + 2 + -3 - -6 - 0
5
What is -4 - -1 - (65 - 61)?
-7
Evaluate -5 - (0 + (-5 + 3 - 1)).
-2
(-1 - -1 - 0) + -3
-3
-7 + 8 + -9 + 3
-5
Calculate (7 + -16 - -7) + 2.
0
What is -9 - (-9 - (-7 + 4))?
-3
-2 - (-1 + 4 + -2)
-3
-3 - (-5 + 0 + -1) - 3
0
What is 0 + -1 + 1 - (3 - 1)?
-2
Evaluate -1 + 6 + -5 + (-1 - 3).
-4
Calculate -63 + 74 + -11 + 1.
1
What is (4 - (-5 + 6) - 7) + -2?
-6
Evaluate 9 + -9 - (0 - -1 - 3).
2
Evaluate 0 + 9 - (0 + 4).
5
What is -2 + (-7 - -4) + 2 + 3?
0
-3 - -4 - 5 - 2
-6
9 + (3 - 2) - 4
6
(0 - -1) + 10 + -14
-3
What is the value of (9 - 9) + 2 + -5?
-3
(5 - 2) + (-3 + 8 - 3)
5
11 - 8 - -1 - (-3 - -4)
3
What is 3 + (1 - 19) - -11?
-4
What is -53 + 53 + (0 - (-4 + 1))?
3
What is 2 + -4 + 2 - -3?
3
Evaluate (0 - -1 - 1) + 3.
3
What is the value of -4 - (-5 - -2) - -6?
5
-6 + (4 - (6 + -6 + 4))
-6
Evaluate 2 - (0 - 0) - (-2 - 0).
4
What is -2 - 0 - (-3 - 2) - 5?
-2
-3 - (8 + -13) - 4
-2
What is 4 - -1 - (0 - -1)?
4
What is the value of -6 + 1 + 2 - (0 + 2)?
-5
14 + -18 - (-3 - -2 - 4)
1
What is 15 + -9 + -5 - (-3 + 2)?
2
What is (-7 - -17) + -3 - 2?
5
Evaluate -17 + (-5 - -9) + 8.
-5
-49 + 43 - (2 - 9)
1
Evaluate (-5 - -9) + -5 + -3.
-4
Calculate (3 - (1 - 0)) + -1.
1
What is the value of (89 - 88) + (1 - 2 - 2)?
-2
Calculate -2 + (2 - 5) + 8 - 1.
2
7 - 1 - (5 + 2)
-1
What is the value of 10 - (1 + -6 + 15)?
0
-2 + 3 + -6 - -4
-1
Evaluate 0 + -3 - (-59 - -54).
2
Evaluate 0 + 0 + (0 - -3).
3
What is -6 + 5 + 4 - 0?
3
What is 9 - (-2 - (-3 + -1 + -3))?
4
Evalua